{"id":21,"date":"2024-11-23T20:43:53","date_gmt":"2024-11-23T19:43:53","guid":{"rendered":"https:\/\/dugmv.si\/?page_id=21"},"modified":"2026-03-02T18:40:43","modified_gmt":"2026-03-02T17:40:43","slug":"vizitka","status":"publish","type":"page","link":"https:\/\/dugmv.si\/","title":{"rendered":"Na\u010drtujemo v letu 2026"},"content":{"rendered":"\n<h2 class=\"wp-block-heading\">27.2.2026 OB\u010cNI ZBOR<\/h2>\n\n\n\n<blockquote class=\"wp-block-quote is-layout-flow wp-block-quote-is-layout-flow\">\n<p>ve\u010d slik v Galeriji2026<\/p>\n<\/blockquote>\n\n\n\n<figure class=\"wp-block-image size-full\"><a href=\"https:\/\/dugmv.si\/wp-content\/uploads\/2026\/02\/Plaketa_ZDUS.jpg\" data-rel=\"lightbox-image-0\" data-rl_title=\"\" data-rl_caption=\"\" title=\"\"><img loading=\"lazy\" decoding=\"async\" width=\"557\" height=\"991\" src=\"https:\/\/dugmv.si\/wp-content\/uploads\/2026\/02\/Plaketa_ZDUS.jpg\" alt=\"\" class=\"wp-image-804\" srcset=\"https:\/\/dugmv.si\/wp-content\/uploads\/2026\/02\/Plaketa_ZDUS.jpg 557w, https:\/\/dugmv.si\/wp-content\/uploads\/2026\/02\/Plaketa_ZDUS-169x300.jpg 169w\" sizes=\"auto, (max-width: 557px) 100vw, 557px\" \/><\/a><\/figure>\n\n\n\n<figure class=\"wp-block-image size-full\"><img loading=\"lazy\" decoding=\"async\" width=\"678\" height=\"991\" src=\"https:\/\/dugmv.si\/wp-content\/uploads\/2026\/02\/Jubilejna-listina.jpg\" alt=\"\" class=\"wp-image-803\" srcset=\"https:\/\/dugmv.si\/wp-content\/uploads\/2026\/02\/Jubilejna-listina.jpg 678w, https:\/\/dugmv.si\/wp-content\/uploads\/2026\/02\/Jubilejna-listina-205x300.jpg 205w\" sizes=\"auto, (max-width: 678px) 100vw, 678px\" \/><\/figure>\n\n\n\n<figure class=\"wp-block-image size-large\"><a href=\"https:\/\/dugmv.si\/wp-content\/uploads\/2026\/02\/30letnica_zbor.jpg\" data-rel=\"lightbox-image-1\" data-rl_title=\"\" data-rl_caption=\"\" title=\"\"><img loading=\"lazy\" decoding=\"async\" width=\"1024\" height=\"576\" src=\"https:\/\/dugmv.si\/wp-content\/uploads\/2026\/02\/30letnica_zbor-1024x576.jpg\" alt=\"\" class=\"wp-image-800\" srcset=\"https:\/\/dugmv.si\/wp-content\/uploads\/2026\/02\/30letnica_zbor-1024x576.jpg 1024w, https:\/\/dugmv.si\/wp-content\/uploads\/2026\/02\/30letnica_zbor-300x169.jpg 300w, https:\/\/dugmv.si\/wp-content\/uploads\/2026\/02\/30letnica_zbor-768x432.jpg 768w, https:\/\/dugmv.si\/wp-content\/uploads\/2026\/02\/30letnica_zbor-1536x864.jpg 1536w, https:\/\/dugmv.si\/wp-content\/uploads\/2026\/02\/30letnica_zbor.jpg 1762w\" sizes=\"auto, (max-width: 1024px) 100vw, 1024px\" \/><\/a><\/figure>\n\n\n\n<p><\/p>\n\n\n\n<h2 class=\"wp-block-heading\">20.2.2026      OPOMNIK<\/h2>\n\n\n\n<figure class=\"wp-block-image size-large\"><img loading=\"lazy\" decoding=\"async\" width=\"1024\" height=\"576\" src=\"https:\/\/dugmv.si\/wp-content\/uploads\/2026\/02\/ZlaticaII_1-1024x576.jpg\" alt=\"\" class=\"wp-image-795\" srcset=\"https:\/\/dugmv.si\/wp-content\/uploads\/2026\/02\/ZlaticaII_1-1024x576.jpg 1024w, https:\/\/dugmv.si\/wp-content\/uploads\/2026\/02\/ZlaticaII_1-300x169.jpg 300w, https:\/\/dugmv.si\/wp-content\/uploads\/2026\/02\/ZlaticaII_1-768x432.jpg 768w, https:\/\/dugmv.si\/wp-content\/uploads\/2026\/02\/ZlaticaII_1-1536x864.jpg 1536w, https:\/\/dugmv.si\/wp-content\/uploads\/2026\/02\/ZlaticaII_1.jpg 1762w\" sizes=\"auto, (max-width: 1024px) 100vw, 1024px\" \/><\/figure>\n\n\n\n<blockquote class=\"wp-block-quote is-layout-flow wp-block-quote-is-layout-flow\">\n<p><strong>Jutri 24.2.2026<\/strong>&nbsp;je torkovo dru\u017eenje od 9h do 12h v prostorih Galerije Gunclje izdelava&nbsp;vo\u0161\u010dilnic in okra\u0161evanje dvorane za ob\u010dni zbor.<\/p>\n\n\n\n<p><br>Mo\u017eno je tudi&nbsp;<strong>pla\u010dilo \u010dlanarine<\/strong>&nbsp;za leto 2026.<\/p>\n\n\n\n<p><br>\u0160e se lahko prijavi\u0161 &#8211; z odgovorom na ta mail ali na&nbsp;<a href=\"mailto:nastranvida@gmail.com\" target=\"_blank\" rel=\"noreferrer noopener\">nastranvida@gmail.com<\/a>&nbsp;na voden ogled &#8211;&nbsp;&nbsp;<strong>Vila Zlatica v \u010detrtek<\/strong>&nbsp;26.3. ob 10.uri<\/p>\n\n\n\n<p>Naslov dogodka &#8211;&nbsp;<strong>Zgodovina Ljubezni<\/strong><br><strong>Odhod&nbsp; LPP \u0161t.1 , postaja Vi\u017emarje 9.10<\/strong>&nbsp; in potem presedemo na LPP \u0161t.18.<\/p>\n\n\n\n<h2 class=\"wp-block-heading\">17.2.2026       PUST<\/h2>\n\n\n\n<figure class=\"wp-block-image size-large\"><img loading=\"lazy\" decoding=\"async\" width=\"1024\" height=\"576\" src=\"https:\/\/dugmv.si\/wp-content\/uploads\/2026\/02\/pust1-1024x576.jpg\" alt=\"\" class=\"wp-image-784\" srcset=\"https:\/\/dugmv.si\/wp-content\/uploads\/2026\/02\/pust1-1024x576.jpg 1024w, https:\/\/dugmv.si\/wp-content\/uploads\/2026\/02\/pust1-300x169.jpg 300w, https:\/\/dugmv.si\/wp-content\/uploads\/2026\/02\/pust1-768x432.jpg 768w, https:\/\/dugmv.si\/wp-content\/uploads\/2026\/02\/pust1-1536x864.jpg 1536w, https:\/\/dugmv.si\/wp-content\/uploads\/2026\/02\/pust1.jpg 1560w\" sizes=\"auto, (max-width: 1024px) 100vw, 1024px\" \/><\/figure>\n<\/blockquote>\n\n\n\n<h2 class=\"wp-block-heading\">12.2.2026        OPOMNIK<\/h2>\n\n\n\n<blockquote class=\"wp-block-quote is-layout-flow wp-block-quote-is-layout-flow\">\n<p>NE POZABI&nbsp;<\/p>\n\n\n\n<p>&nbsp;&#8211;&nbsp;Jutri&nbsp;&nbsp;10.2.2026&nbsp;je&nbsp;torkovo&nbsp;dru\u017eenje,&nbsp; od&nbsp;<strong>9h do 12h,<\/strong>&nbsp; v prostorih galerije&nbsp;Gunclje.&nbsp;&nbsp;&nbsp;&nbsp;&nbsp;&nbsp;&nbsp;&nbsp;&nbsp;&nbsp;&nbsp;&nbsp;&nbsp;&nbsp;&nbsp;&nbsp;&nbsp;&nbsp; dru\u017eenja bomo popestrili z izdelavo in pisanjem vo\u0161\u010dilnic.&nbsp;<\/p>\n\n\n\n<p>&nbsp;&#8211;&nbsp;Naslednji torek 17.2.2026 od 9h do 12h babice pripeljejo svoje vnu\u010dke&nbsp;<\/p>\n\n\n\n<p><strong>&nbsp;&#8211;&nbsp;Mo\u017eno&nbsp;je tudi pla\u010dilo \u010dlanarine za leto 2026.<\/strong>&nbsp;<\/p>\n\n\n\n<p><strong>&nbsp;&#8211; \u0161e se lahko prijavi\u0161&nbsp;<\/strong>(&nbsp;<a href=\"mailto:nastanvida@gmail.com\" target=\"_blank\" rel=\"noreferrer noopener\">nastranvida@gmail.com<\/a>&nbsp;)&nbsp;<\/p>\n\n\n\n<p>na voden ogled razstave Miki Muster,&nbsp;<strong>12.2.2026 ob 11uri<\/strong>, trajanje o,45 ure.&nbsp;<\/p>\n\n\n\n<p>Dobimo se na postaji&nbsp;<strong>LPP \u0161t.1 ob 10h10<\/strong>&nbsp;uri, izstop pri Drami in se sprehodimo do Mestnega muzeja Ljubljana, Gosposka ulica 15.&nbsp;<\/p>\n\n\n\n<p>Cena 7\u20ac na osebo \u010de nas bo manj kot 7&nbsp; je si delimo voden ogled 55\u20ac. Po ogledu sledi neobvezna kava.&nbsp;<\/p>\n<\/blockquote>\n\n\n\n<h2 class=\"wp-block-heading\"><em>12.2.2026<\/em><\/h2>\n\n\n\n<blockquote class=\"wp-block-quote is-style-plain is-layout-flow wp-block-quote-is-layout-flow\">\n<p>Vabilo<\/p>\n\n\n\n<p>na voden ogled razstave Miki Muster, <strong>12.2.2026 ob 11uri<\/strong>, trajanje o,45 ure.<\/p>\n\n\n\n<p>Dobimo se na postaji <strong>LPP \u0161t.1 ob 10<\/strong><strong>h<\/strong><strong>10<\/strong> uri,izstop pri Drami in se sprehodimo do Mestnega muzeja Ljubljana,Gosposka ulica 15.<\/p>\n\n\n\n<p>Cena 7\u20ac na osebo \u010de nas bo manj kot 7&nbsp; je si delimo voden ogled 55\u20ac. Po ogledu sledi neobvezna kava.<\/p>\n<\/blockquote>\n\n\n\n<figure class=\"wp-block-image size-full\"><a href=\"https:\/\/dugmv.si\/wp-content\/uploads\/2026\/02\/miki-muster.jpg\" data-rel=\"lightbox-image-2\" data-rl_title=\"\" data-rl_caption=\"\" title=\"\"><img loading=\"lazy\" decoding=\"async\" width=\"740\" height=\"556\" src=\"https:\/\/dugmv.si\/wp-content\/uploads\/2026\/02\/miki-muster.jpg\" alt=\"\" class=\"wp-image-767\" srcset=\"https:\/\/dugmv.si\/wp-content\/uploads\/2026\/02\/miki-muster.jpg 740w, https:\/\/dugmv.si\/wp-content\/uploads\/2026\/02\/miki-muster-300x225.jpg 300w\" sizes=\"auto, (max-width: 740px) 100vw, 740px\" \/><\/a><\/figure>\n\n\n\n<blockquote class=\"wp-block-quote is-layout-flow wp-block-quote-is-layout-flow\">\n<h2 class=\"wp-block-heading\">3.2. do 3.3. 2026<\/h2>\n\n\n\n<blockquote class=\"wp-block-quote is-layout-flow wp-block-quote-is-layout-flow\">\n<p><strong>Vabimo vas na torkova dru\u017eenja, ki bodo potekala vsak torek od&nbsp;9h do 12h,&nbsp;od 3. februarja do vklju\u010dno 3. marca v prostorih galerije Gunclje. Dru\u017eenja bomo popestrili z izdelavo in pisanjem vo\u0161\u010dilnic.<\/strong><\/p>\n\n\n\n<p><strong>Mo\u017eno je tudi pla\u010dilo \u010dlanarine za leto 2026.<\/strong><\/p>\n<\/blockquote>\n<\/blockquote>\n\n\n\n<h2 class=\"wp-block-heading\"><em>29.1.2026<\/em><\/h2>\n\n\n\n<p class=\"has-large-font-size\"><strong>Vabilo<\/strong><\/p>\n\n\n\n<p><\/p>\n\n\n\n<blockquote class=\"wp-block-quote is-layout-flow wp-block-quote-is-layout-flow\">\n<p>na voden ogled <strong>Vile Zlatica (29.1. 2026 ob 10 uri<\/strong>.<\/p>\n\n\n\n<p>Dobimo se ob <strong>8h55<\/strong> na postaji <strong>LPP st 1<\/strong>, Vi\u017emarje in v mestu prestopimo na LPP \u0161t.18, ki nas pripelje do vile na Cesta 27. Aprila, 47.<\/p>\n\n\n\n<p>Vstopnina je 6 \u20ac &#8211; samo gotovina.<\/p>\n\n\n\n<p>Prosim, da udele\u017ebo najavi\u0161 na e-mail, <a href=\"mailto:nastranvida@gmail.com\">nastranvida@gmail.com<\/a> do ponedeljka 26.1., ker moramo javiti \u0161tevilo udele\u017eencev.<\/p>\n\n\n\n<p>Vabljeni!<\/p>\n\n\n\n<blockquote class=\"wp-block-quote is-layout-flow wp-block-quote-is-layout-flow\">\n<p><a href=\"https:\/\/mgml.si\/sl\/vila-zlatica\">https:\/\/mgml.si\/sl\/vila-zlatica<\/a><\/p>\n<\/blockquote>\n<\/blockquote>\n\n\n\n<blockquote class=\"wp-block-quote is-layout-flow wp-block-quote-is-layout-flow\">\n<p><\/p>\n<\/blockquote>\n\n\n\n<h2 class=\"wp-block-heading\">OD <em>27.1.<\/em> DO <em>3.2.2026<\/em><\/h2>\n\n\n\n<p><strong>Vabimo vas na torkova dru\u017eenja, ki bodo potekala vsak torek od 9h do 12h, od 27. januarja do vklju\u010dno 3. februarja v prostorih galerije Gunclje. Dru\u017eenja bomo popestrili z izdelavo in pisanjem vo\u0161\u010dilnic.<\/strong><\/p>\n\n\n\n<p><strong>Mo\u017eno je tudi pla\u010dilo \u010dlanarine za leto 2026.<\/strong><\/p>\n\n\n\n<div class=\"wp-block-group is-nowrap is-layout-flex wp-container-core-group-is-layout-ad2f72ca wp-block-group-is-layout-flex\">\n<blockquote class=\"wp-block-quote is-layout-flow wp-block-quote-is-layout-flow\">\n<h2 class=\"wp-block-heading\">26.1.2026<\/h2>\n\n\n\n<figure class=\"wp-block-image size-large\"><img loading=\"lazy\" decoding=\"async\" width=\"1024\" height=\"683\" src=\"https:\/\/dugmv.si\/wp-content\/uploads\/2026\/01\/Planinarjenje-po-zasnezenih-gorskih-pobocjih-1024x683.png\" alt=\"\" class=\"wp-image-722\" srcset=\"https:\/\/dugmv.si\/wp-content\/uploads\/2026\/01\/Planinarjenje-po-zasnezenih-gorskih-pobocjih-1024x683.png 1024w, https:\/\/dugmv.si\/wp-content\/uploads\/2026\/01\/Planinarjenje-po-zasnezenih-gorskih-pobocjih-300x200.png 300w, https:\/\/dugmv.si\/wp-content\/uploads\/2026\/01\/Planinarjenje-po-zasnezenih-gorskih-pobocjih-768x512.png 768w, https:\/\/dugmv.si\/wp-content\/uploads\/2026\/01\/Planinarjenje-po-zasnezenih-gorskih-pobocjih.png 1536w\" sizes=\"auto, (max-width: 1024px) 100vw, 1024px\" \/><\/figure>\n\n\n\n<div class=\"wp-block-group is-nowrap is-layout-flex wp-container-core-group-is-layout-ad2f72ca wp-block-group-is-layout-flex\">\n<blockquote class=\"wp-block-quote is-layout-flow wp-block-quote-is-layout-flow\">\n<p><strong>Dru\u0161tvo upokojencev GUNCLJE- MALE VI\u017dMARJE<\/strong>&nbsp;<\/p>\n\n\n\n<p>vabi&nbsp;<strong>v ponedeljek, 26.1.2026&nbsp;ob 18.uri v Galerijo Gunclje<\/strong><\/p>\n\n\n\n<p>na predstavitev <strong>Trekinga na Mera Peak v Nepalu<\/strong><\/p>\n\n\n\n<p>Mera Peak je s svojo vi\u0161ino 6447 m najvi\u0161ji vrh v Himalaji, ki se ga lahko obi\u0161\u010de s trekking dovoljenjem. Kljub vi\u0161ini gora ni preve\u010d tehni\u010dno zahtevna. Pohodnike pa seveda ovira redkej\u0161i zrak in lahko tudi vreme.<\/p>\n\n\n\n<p>Predstavitev bodo izvedli: Marko Lenar\u010di\u010d, Danilo Brecelj, Jure Lenar\u010di\u010d<\/p>\n<\/blockquote>\n<\/div>\n<\/blockquote>\n<\/div>\n\n\n\n<p class=\"has-large-font-size\"><strong>V letu 2026 predlagamo:<\/strong><\/p>\n\n\n\n<blockquote class=\"wp-block-quote is-layout-flow wp-block-quote-is-layout-flow\">\n<blockquote class=\"wp-block-quote is-layout-flow wp-block-quote-is-layout-flow\">\n<ul class=\"wp-block-list\">\n<li>1. Udele\u017eba na bralnih kro\u017ekih knji\u017enice \u0160entvid<\/li>\n\n\n\n<li>2. Potopisno predavanje Januar &#8211; Marko Lenar\u010di\u010d<\/li>\n\n\n\n<li>3. Izdelava pustnih mask Januar\/Februar<\/li>\n\n\n\n<li>4. Ob\u010dni zbor  &#8211;  30. obletnica &#8211; Februar<\/li>\n\n\n\n<li>5. Kulturni dan &#8211; 8. Februar <\/li>\n\n\n\n<li>6. Dru\u017eenje za pusta &#8211;   Marec<\/li>\n\n\n\n<li>7. \u010cistilna akcija Marec &#8211; O\u010distimo Ljubljano<\/li>\n\n\n\n<li>8. Potopis Marec &#8211; Kontaktiraj Ireno<\/li>\n\n\n\n<li>9. Izlet &#8211; ekskurzija v atomsko centralo <\/li>\n\n\n\n<li> Marec<\/li>\n\n\n\n<li>10. Ekskurzija &#8211;  April &#8211; kontaktiraj Marko<\/li>\n\n\n\n<li>11. Turnir v namiznem tenisu &#8211; April<\/li>\n\n\n\n<li>12. Predavanje dr. dent. med. \u0160pela Nastran<\/li>\n\n\n\n<li>13. Potopis Maj &#8211;  Viki Gro\u0161elj ali Den Cedilnik  &#8211;  kontaktiraj Marino<\/li>\n\n\n\n<li>14. Pohod v neznano &#8211; Marina<\/li>\n\n\n\n<li>15. Predavanje floristika, zdravilna zeli\u0161\u010da<\/li>\n\n\n\n<li>16. Ekskurzija Dolenjska Junij &#8211; kontaktiraj Marko<\/li>\n\n\n\n<li>17. Potopis  &#8211;  Junij ali logoterapevt Matic Vidic<\/li>\n\n\n\n<li>18. Evropski teden mobilnosti September &#8211; kontakt Nina<\/li>\n\n\n\n<li>19. Piknik DU Gunclje Male Vi\u017emarje &#8211; September<\/li>\n\n\n\n<li>20. Ekskurzija preko meje September<\/li>\n\n\n\n<li>21. Jesensko sre\u010danje \u010cS \u0160entvid Oktober &#8211; Robert Golav\u0161ek<\/li>\n\n\n\n<li>22. Voden ogled neznane Ljubljane Oktober<\/li>\n\n\n\n<li>23. Potopis Oktober &#8211; kontaktiraj Marino<\/li>\n\n\n\n<li>24. Martinovanje November &#8211; kontaktiraj Marko<\/li>\n\n\n\n<li>25. Potopis November &#8211; kontaktiraj Ireno Volaj Koreli\u010d<\/li>\n\n\n\n<li>26. Izdelava \u010destitk ve\u010dkrat<\/li>\n\n\n\n<li>27. Izdelava okraskov in okrasitev dvorane -December<\/li>\n\n\n\n<li>28. Novoletna zabava December<\/li>\n\n\n\n<li>29. Izlet z vlakom December &#8211; kontaktiraj Vido Nastran<\/li>\n\n\n\n<li>30. Celoletni namizni tenis pon. in sre.<\/li>\n<\/ul>\n\n\n\n<p><\/p>\n<\/blockquote>\n<\/blockquote>\n\n\n\n<p><\/p>\n","protected":false},"excerpt":{"rendered":"<p>27.2.2026 OB\u010cNI ZBOR ve\u010d slik v Galeriji2026 20.2.2026 OPOMNIK 12.2.2026 OPOMNIK NE POZABI&nbsp; &nbsp;&#8211;&nbsp;Jutri&nbsp;&nbsp;10.2.2026&nbsp;je&nbsp;torkovo&nbsp;dru\u017eenje,&nbsp; od&nbsp;9h do 12h,&nbsp; v prostorih galerije&nbsp;Gunclje.&nbsp;&nbsp;&nbsp;&nbsp;&nbsp;&nbsp;&nbsp;&nbsp;&nbsp;&nbsp;&nbsp;&nbsp;&nbsp;&nbsp;&nbsp;&nbsp;&nbsp;&nbsp; dru\u017eenja bomo popestrili z izdelavo in pisanjem vo\u0161\u010dilnic.&nbsp; &nbsp;&#8211;&nbsp;Naslednji torek 17.2.2026 od 9h do 12h babice pripeljejo svoje vnu\u010dke&nbsp; &nbsp;&#8211;&nbsp;Mo\u017eno&nbsp;je tudi pla\u010dilo \u010dlanarine za leto 2026.&nbsp; &nbsp;&#8211; \u0161e se lahko prijavi\u0161&nbsp;(&nbsp;nastranvida@gmail.com&nbsp;)&nbsp; na voden ogled razstave &hellip; <a href=\"https:\/\/dugmv.si\/\" class=\"more-link\">Preberi ve\u010d <span class=\"screen-reader-text\">Na\u010drtujemo v letu 2026<\/span> <span class=\"meta-nav\">&rarr;<\/span><\/a><\/p>\n","protected":false},"author":1,"featured_media":0,"parent":0,"menu_order":0,"comment_status":"closed","ping_status":"closed","template":"","meta":{"om_disable_all_campaigns":false,"_monsterinsights_skip_tracking":false,"_monsterinsights_sitenote_active":false,"_monsterinsights_sitenote_note":"","_monsterinsights_sitenote_category":0,"footnotes":""},"class_list":["post-21","page","type-page","status-publish","hentry"],"aioseo_notices":[],"_links":{"self":[{"href":"https:\/\/dugmv.si\/index.php?rest_route=\/wp\/v2\/pages\/21","targetHints":{"allow":["GET"]}}],"collection":[{"href":"https:\/\/dugmv.si\/index.php?rest_route=\/wp\/v2\/pages"}],"about":[{"href":"https:\/\/dugmv.si\/index.php?rest_route=\/wp\/v2\/types\/page"}],"author":[{"embeddable":true,"href":"https:\/\/dugmv.si\/index.php?rest_route=\/wp\/v2\/users\/1"}],"replies":[{"embeddable":true,"href":"https:\/\/dugmv.si\/index.php?rest_route=%2Fwp%2Fv2%2Fcomments&post=21"}],"version-history":[{"count":32,"href":"https:\/\/dugmv.si\/index.php?rest_route=\/wp\/v2\/pages\/21\/revisions"}],"predecessor-version":[{"id":811,"href":"https:\/\/dugmv.si\/index.php?rest_route=\/wp\/v2\/pages\/21\/revisions\/811"}],"wp:attachment":[{"href":"https:\/\/dugmv.si\/index.php?rest_route=%2Fwp%2Fv2%2Fmedia&parent=21"}],"curies":[{"name":"wp","href":"https:\/\/api.w.org\/{rel}","templated":true}]}}